e 3, what is -10221 + -11221001001020?
-11221001012011
In base 3, what is -2 + -220112000221200?
-220112000221202
In base 8, what is -21021445 - 1?
-21021446
In base 11, what is 45a443 + 20?
45a463
In base 13, what is -4ba198cb - 5?
-4ba19903
In base 3, what is -21000022000 + -2122?
-21000101122
In base 14, what is 8174 - 7a?
80d8
In base 6, what is 5 - 13253443?
-13253434
In base 2, what is 1111101001111 + 101111?
1111101111110
In base 10, what is 523 - 5043?
-4520
In base 12, what is 2181 - 1625?
758
In base 10, what is -52316254 - 11?
-52316265
In base 16, what is 3560 + -5e9d?
-293d
In base 5, what is 4 - -1032210040?
1032210044
In base 3, what is -202112201210200 - -10?
-202112201210120
In base 13, what is -144cbb - -18?
-144ca3
In base 10, what is -39538 - -704?
-38834
In base 5, what is -41220244 + 411?
-41214333
In base 15, what is 8b - -7959?
79e5
In base 10, what is -10 + 30044424?
30044414
In base 14, what is -a43 - a3?
-b06
In base 5, what is -120203030 - -1021?
-120202004
In base 15, what is -13 - -4edc41?
4edc2d
In base 9, what is -4 - 84164222?
-84164226
In base 7, what is 4642 - -124256?
132231
In base 16, what is -7 - -14eb10?
14eb09
In base 8, what is 35 + 271367345?
271367402
In base 6, what is -132512 + 2341?
-130131
In base 5, what is -301 - 413130230?
-413131031
In base 3, what is -120101202121211 - -12?
-120101202121122
In base 8, what is -261 + 25567?
25306
In base 7, what is 21102 - -12315?
33420
In base 4, what is 1203 + 110311112?
110312321
In base 12, what is 9 + -138020?
-138013
In base 4, what is 2222 + 2002220021?
2002222303
In base 10, what is 10 + -70710?
-70700
In base 7, what is 400134 + 11?
400145
In base 2, what is 10010101010 + 10110100011110?
11000111001000
In base 8, what is -627724 + -6?
-627732
In base 9, what is -614531 - 234?
-614765
In base 6, what is 1353133552 - -4?
1353134000
In base 8, what is 604 + 16601?
17405
In base 3, what is 102 + -12121122200211?
-12121122200102
In base 13, what is 78c4 - -145b?
9052
In base 7, what is -1040452 - -2104?
-1035345
In base 9, what is 3506638 + -6?
3506632
In base 7, what is -4661303 + 150?
-4661123
In base 16, what is 3 + 170ebec?
170ebef
In base 15, what is -4 + -a126c9?
-a126cd
In base 3, what is 12 - -210102110021?
210102110110
In base 2, what is 10111 + -101001100011001010001111?
-101001100011001001111000
In base 15, what is -267a2 - -672?
-26130
In base 8, what is 336 + 13247655?
13250213
In base 2, what is -1000110001011 - 1000110010011?
-10001100011110
In base 4, what is -203201221233031 + -10?
-203201221233101
In base 13, what is 234b7 + b23?
2430a
In base 10, what is 335 - 22429?
-22094
In base 15, what is -4 - ded2b6?
-ded2ba
In base 9, what is 1067 + 48826?
51004
In base 13, what is -31c899b - 8?
-31c89a6
In base 14, what is 3 + -24024ab?
-24024a8
In base 14, what is -1d6ab + 38?
-1d673
In base 2, what is -11110001010011110 - 1011010?
-11110001011111000
In base 6, what is -35404324141 + -5?
-35404324150
In base 10, what is 5 + 4650526?
4650531
In base 6, what is -3 - 41422103254?
-41422103301
In base 16, what is 457 - 44e?
9
In base 9, what is -27082431 + 0?
-27082431
In base 15, what is -3 - 3c2204d?
-3c22051
In base 8, what is 32312 + 134725?
167237
In base 11, what is 559a0 + -5210?
50790
In base 15, what is 4e3 + c6db?
cbce
In base 15, what is -d8bd4a - -1b?
-d8bd2e
In base 10, what is -2400 - -52989?
50589
In base 2, what is 110110100 + -100011010010011?
-100010011011111
In base 8, what is -126 + 12005730?
12005602
In base 9, what is -47244622 + -5?
-47244627
In base 2, what is 100011 + 1011000010000111101?
1011000010001100000
In base 15, what is -1 - 3606ae9?
-3606aea
In base 3, what is 111100201 + 11222012?
200022220
In base 7, what is -504 + -214212?
-215016
In base 5, what is -1002324 - 2102213?
-3110042
In base 12, what is -4b - -2b912?
2b883
In base 16, what is -d + 29675ee?
29675e1
In base 11, what is -17 + -36a82a?
-36a846
In base 5, what is 234220 - -10224?
244444
In base 12, what is 0 - 64b636?
-64b636
In base 9, what is -2 - -650104031?
650104028
In base 14, what is -352 + d33?
9c1
In base 3, what is -10 + 21002022100021?
21002022100011
In base 16, what is 1 + -51d86?
-51d85
In base 10, what is -251 - 203509?
-203760
In base 5, what is -3 - -13313312400?
13313312342
In base 8, what is 15 + -25400724?
-25400707
In base 6, what is 322230510 + 3?
322230513
In base 10, what is 429300 - 384?
428916
In base 8, what is -110027517 - 0?
-110027517
In base 5, what is -14 - -1411400041?
1411400022
In base 12, what is 2128765b1 - 5?
2128765a8
In base 7, what is 1 + -154420026?
-154420025
In base 6, what is -25154 - 2055413?
-2125011
In base 4, what is 10 - -110112210331?
110112211001
In base 4, what is -2010330031010100 + 3?
-2010330031010031
In base 9, what is 5 + -42024782?
-42024776
In base 7, what is -4060 + -6114?
-13204
In base 15, what is -1 - 972de84?
-972de85
In base 9, what is -88032 + 730?
-87202
In base 11, what is -8155 + 19a07?
11862
In base 5, what is -130 - -4432032?
4431402
In base 13, what is -1 - -bb28660?
bb2865c
In base 11, what is 1778542 - 4?
1778539
In base 9, what is -265 - 378213?
-378478
In base 15, what is 346ea5a - 3?
346ea57
In base 8, what is 707530 - 26?
707502
In base 14, what is -b847a + -14?
-b8490
In base 16, what is 3 - 12eae5?
-12eae2
In base 11, what is -788048 - 19?
-788066
In base 12, what is -5a57727 + -3?
-5a5772a
In base 14, what is -b031b1 + -6c?
-b0323d
In base 12, what is 2 - 917663?
-917661
In base 9, what is 488 + 64753?
65352
In base 16, what is 2 - -864b6c1?
864b6c3
In base 5, what is -211 - 2013221010?
-2013221221
In base 13, what is 71 - -6c54?
6cc5
In base 5, what is 20422002344 + 22?
20422002421
In base 7, what is 16 - 1202055512?
-1202055463
In base 12, what is 87734 - -297?
87a0b
In base 11, what is -710a11584 - -2?
-710a11582
In base 5, what is -33 - -223324304?
223324221
In base 13, what is -12c + 2208c?
21c60
In base 16, what is -8bbb4 + -140?
-8bcf4
In base 2, what is -11110100001010101110110001 - -101?
-11110100001010101110101100
In base 3, what is -22012 + -12001101012?
-12001200101
In base 4, what is -21313032 + -201120?
-22120212
In base 4, what is 1320323203 - 3?
1320323200
In base 9, what is -4572070 - 6?
-4572076
In base 8, what is 64 - -401614?
401700
In base 10, what is 0 - -3157681?
3157681
In base 2, what is -10111000001011 - 1100001111?
-11000100011010
In base 16, what is 9925 + 29f9?
c31e
In base 15, what is -2a8 - 5b31?
-5dd9
In base 14, what is 8 + 226217?
226221
In base 8, what is 2 + -34243756?
-34243754
In base 10, what is 84662 - -527?
85189
In base 13, what is 616885 + 17?
61689c
In base 5, what is 12423341 - 432?
12422404
In base 4, what is 20221332320 - -31?
20221333011
In base 16, what is -2835e4 + -30?
-283614
In base 15, what is 1 + -511600?
-5115ee
In base 14, what is -6798bd6 + -5?
-6798bdb
In base 4, what is -300 + 133313231?
133312331
In base 9, what is 4716437 - -17?
4716455
In base 16, what is a0a34b + 61?
a0a3ac
In base 7, what is -52 + 40051166?
40051114
In base 15, what is 2c67b9 - -ac?
2c6876
In base 2, what is 11001111011 + -1001101010000010?
-1001010000000111
In base 4, what is 1110121101022 - -3?
1110121101031
In base 2, what is 10001001 + 100100000110000011?
100100001000001100
In base 2, what is -110101011100100 - 101011?
-110101100001111
In base 4, what is 2220202 - 20300?
2133302
In base 2, what is -100010011111 - -10111010000010?
10010111100011
In base 9, what is 1185177 + 232?
1185420
In base 15, what is 265572 + -5?
26556c
In base 7, what is 5 - -2312153662?
2312154000
In base 12, what is 3 + -1211616?
-1211613
In base 4, what is 2321302303 - -110?
2321303013
In base 2, what is 11111011110110000100 - -10111?
11111011110110011011
In base 11, what is 177a0 - -478?
18168
In base 15, what is -4 - -7c87d03?
7c87cee
In base 5, what is 2143411 - 4003?
2134403
In base 13, what is -79 - -55141?
55095
In base 7, what is 55401 - -13421?
102122
In base 9, what is 81230 + 6561?
87801
In base 10, what is 485366 - -30?
485396
In base 16, what is eada8 - -117?
eaebf
In base 14, what is -107 + 994d?
9846
In base 8, what is -55654 + 2341?
-53313
In base 12, what is -84a3 - 283?
-8766
In base 5, what is -1 + 114404111?
114404110
In base 5, what is 1200 +